14?
2
What is the greatest common factor of 3 and 233423439?
3
Calculate the greatest common divisor of 81805114 and 25404.
4234
Calculate the highest common divisor of 7382251638 and 738.
738
Calculate the greatest common divisor of 30933 and 51597.
63
Calculate the highest common factor of 4911750 and 185.
185
Calculate the highest common divisor of 39 and 2605967.
13
What is the greatest common divisor of 45 and 185751915?
15
What is the greatest common factor of 1210 and 1511774?
242
What is the greatest common factor of 2134270 and 412566?
1786
Calculate the highest common factor of 7469 and 109076.
11
Calculate the highest common factor of 3962 and 262963883.
1981
What is the greatest common divisor of 301783716 and 468?
468
Calculate the greatest common factor of 1787760 and 2904.
24
What is the greatest common factor of 4 and 1226534?
2
What is the highest common factor of 2959387 and 1541?
23
Calculate the highest common divisor of 384 and 75433452.
12
What is the highest common divisor of 1045902 and 205062?
858
What is the greatest common divisor of 6101493 and 794?
397
What is the greatest common divisor of 1069288 and 8?
8
What is the highest common divisor of 70387 and 37751292?
1193
Calculate the highest common divisor of 85591224 and 19480.
3896
What is the greatest common factor of 20797491 and 78?
39
Calculate the greatest common divisor of 4644918 and 45.
9
What is the highest common divisor of 1142295 and 70735?
1505
Calculate the greatest common divisor of 434148 and 2443428.
3588
What is the highest common divisor of 670895 and 93556?
1231
Calculate the highest common divisor of 2938509 and 6.
3
What is the highest common factor of 418 and 468494818?
418
Calculate the highest common divisor of 1251068684 and 652.
652
What is the greatest common factor of 226887855 and 2955?
2955
What is the greatest common factor of 7322 and 927316656?
7322
Calculate the greatest common factor of 7464321 and 855.
171
Calculate the greatest common divisor of 1808616 and 50120.
1432
What is the greatest common divisor of 412 and 271316?
4
What is the greatest common factor of 3329429 and 2419?
59
What is the highest common divisor of 412464089 and 146?
73
What is the greatest common divisor of 902 and 1394?
82
What is the highest common factor of 9406875 and 118875?
375
Calculate the highest common divisor of 27324 and 157596.
276
What is the greatest common divisor of 2104 and 12244754?
526
Calculate the greatest common divisor of 97944 and 130989606.
3498
Calculate the highest common factor of 128 and 39986.
2
Calculate the highest common divisor of 1240 and 8778270.
310
What is the greatest common factor of 899918773 and 481?
481
Calculate the highest common divisor of 13956844 and 111.
37
What is the greatest common divisor of 111573 and 779625?
693
What is the greatest common divisor of 59826 and 34318648?
1534
Calculate the highest common factor of 68358873 and 429.
33
Calculate the greatest common factor of 3865042 and 44722.
758
What is the highest common divisor of 27169593 and 258?
129
What is the highest common divisor of 318648 and 15096?
408
What is the highest common factor of 3086 and 154938802?
3086
Calculate the highest common factor of 1881 and 177392853.
99
What is the highest common factor of 195904 and 628?
4
What is the highest common divisor of 191193258 and 12?
6
What is the highest common factor of 2303288 and 9568?
104
Calculate the highest common divisor of 121338360 and 5720.
5720
What is the highest common divisor of 486 and 9105777?
81
What is the highest common divisor of 302946496 and 976?
976
Calculate the greatest common divisor of 6904 and 39433922.
1726
Calculate the highest common factor of 87413270 and 14.
14
Calculate the greatest common divisor of 19 and 4288357.
19
Calculate the greatest common factor of 446039 and 8702947.
10373
What is the greatest common divisor of 165 and 23724305?
55
Calculate the highest common factor of 22363 and 372467.
107
What is the greatest common divisor of 6570 and 315570?
30
What is the highest common factor of 737808 and 2432?
304
What is the greatest common factor of 3534614 and 150?
2
What is the greatest common factor of 2631 and 34601158?
877
What is the greatest common divisor of 473502 and 84588?
318
Calculate the highest common divisor of 57720 and 50336520.
1560
What is the highest common divisor of 72458726 and 2788?
1394
What is the greatest common divisor of 993705 and 24490?
155
Calculate the highest common divisor of 15571 and 3399894.
677
What is the highest common divisor of 8660 and 5010?
10
What is the highest common factor of 9338991 and 22413?
723
Calculate the greatest common divisor of 34 and 1373549.
17
Calculate the greatest common divisor of 1517885 and 1103825.
335
What is the greatest common factor of 17536266 and 39618?
558
What is the greatest common divisor of 3837 and 751209139?
1279
What is the highest common factor of 58100 and 1939378?
1162
What is the greatest common divisor of 121707886 and 2594?
2594
What is the highest common divisor of 15 and 4797708?
3
Calculate the highest common divisor of 12804 and 11279334.
66
What is the highest common divisor of 11415832 and 5476?
148
What is the greatest common divisor of 60 and 6428900?
20
What is the greatest common divisor of 1342 and 2528938?
122
What is the greatest common divisor of 4420 and 35087065?
1105
Calculate the highest common divisor of 518444 and 249052.
452
Calculate the greatest common factor of 93708 and 40356.
684
What is the highest common factor of 59248897 and 152?
19
Calculate the greatest common factor of 21 and 299943.
21
Calculate the greatest common factor of 36519 and 1890552.
111
What is the greatest common factor of 1 and 32112427?
1
What is the greatest common divisor of 68931440 and 30095?
2315
Calculate the greatest common factor of 24944051 and 2221.
2221
Calculate the greatest common divisor of 42703360 and 4760.
280
What is the greatest common divisor of 586 and 363571687?
293
Calculate the highest common divisor of 22198 and 5192.
22
Calculate the highest common divisor of 11857352 and 5512.
104
Calculate the highest common divisor of 745626 and 11691.
1299
Calculate the highest common divisor of 52 and 20217860.
52
Calculate the greatest common factor of 2548 and 18194484.
196
Calculate the highest common divisor of 1368 and 88345782.
342
Calculate the greatest common factor of 62092646 and 5852.
2926
Calculate the greatest common factor of 57 and 329746083.
57
What is the highest common factor of 72876780 and 1140?
1140
What is the highest common factor of 117 and 185697?
9
Calculate the greatest common divisor of 2116 and 417596.
4
What is the highest common factor of 61200 and 92028?
12
What is the greatest common factor of 1320 and 10893608?
88
What is the highest common factor of 2699 and 501738702?
2699
What is the highest common factor of 696 and 4952301?
87
Calculate the greatest common factor of 94093659 and 54351.
6039
Calculate the highest common factor of 51038 and 1045222.
302
Calculate the greatest common divisor of 162637455 and 315.
15
Calculate the highest common factor of 1293748 and 21394.
38
Calculate the greatest common divisor of 1302474 and 111.
111
What is the greatest common factor of 67539 and 163137?
141
What is the greatest common factor of 3584575 and 425?
25
What is the greatest common divisor of 70217 and 167482?
49
Calculate the greatest common factor of 195 and 1647685.
65
What is the greatest common divisor of 6972 and 133547?
83
What is the highest common factor of 2920 and 90175075?
365
Calculate the greatest common factor of 2361387 and 95151.
483
Calculate the highest common factor of 21 and 7598356080.
21
What is the highest common divisor of 14672096 and 96?
32
Calculate the highest common factor of 9506 and 3459214.
194
What is the greatest common divisor of 236180 and 7910?
70
Calculate the highest common divisor of 1221 and 5041938.
33
Calculate the highest common factor of 356916294 and 98.
98
What is the greatest common factor of 8258681 and 56675?
2267
Calculate the greatest common divisor of 196 and 632436.
28
What is the greatest common divisor of 16 and 135143888?
16
Calculate the highest common di